culate the remainder when 751063 is divided by 375503.
57
Calculate the remainder when 26896 is divided by 3629.
1493
Calculate the remainder when 3986035 is divided by 3961.
1269
Calculate the remainder when 13703 is divided by 578.
409
What is the remainder when 1531910 is divided by 382973?
18
What is the remainder when 70443567 is divided by 181?
177
What is the remainder when 3720323631 is divided by 1119?
1116
Calculate the remainder when 8592084 is divided by 182.
46
Calculate the remainder when 16528 is divided by 4855.
1963
What is the remainder when 335153559 is divided by 140?
139
Calculate the remainder when 1717686 is divided by 923.
906
What is the remainder when 46569746 is divided by 90?
56
What is the remainder when 5427356 is divided by 27?
5
Calculate the remainder when 27291351 is divided by 785.
41
Calculate the remainder when 8658 is divided by 547.
453
Calculate the remainder when 52778743 is divided by 376.
375
Calculate the remainder when 312095 is divided by 79.
45
What is the remainder when 14711979 is divided by 7356?
7335
Calculate the remainder when 1723176 is divided by 344634.
6
What is the remainder when 345298677 is divided by 5310?
5307
What is the remainder when 45807714 is divided by 168?
162
Calculate the remainder when 5943266 is divided by 660361.
17
Calculate the remainder when 216923 is divided by 30985.
28
What is the remainder when 1168050 is divided by 389348?
6
What is the remainder when 14569652 is divided by 718?
714
Calculate the remainder when 3008607 is divided by 778.
81
What is the remainder when 68314 is divided by 86?
30
What is the remainder when 19153621 is divided by 412?
153
Calculate the remainder when 791726 is divided by 12962.
1044
What is the remainder when 8653869 is divided by 12?
9
What is the remainder when 8463798 is divided by 242?
90
Calculate the remainder when 27828 is divided by 27326.
502
Calculate the remainder when 3478068 is divided by 151220.
8
What is the remainder when 315761 is divided by 981?
860
Calculate the remainder when 1232983 is divided by 1317.
271
What is the remainder when 17860110 is divided by 215182?
4
Calculate the remainder when 79265 is divided by 2031.
56
Calculate the remainder when 6726327 is divided by 1104.
759
What is the remainder when 6661675 is divided by 120?
115
What is the remainder when 70276 is divided by 2807?
101
What is the remainder when 3199424 is divided by 1700?
24
What is the remainder when 121490 is divided by 803?
237
What is the remainder when 1350354 is divided by 119?
61
Calculate the remainder when 26807 is divided by 1029.
53
What is the remainder when 6976928 is divided by 73439?
223
What is the remainder when 20972745 is divided by 5243184?
9
Calculate the remainder when 79738177 is divided by 3322423.
25
What is the remainder when 66723838 is divided by 90?
88
What is the remainder when 1609195 is divided by 268191?
49
Calculate the remainder when 13448 is divided by 3223.
556
Calculate the remainder when 17501 is divided by 80.
61
Calculate the remainder when 231364 is divided by 1912.
12
Calculate the remainder when 248198 is divided by 247826.
372
Calculate the remainder when 488240 is divided by 69733.
109
What is the remainder when 110815 is divided by 2851?
2477
What is the remainder when 1533853 is divided by 775?
128
What is the remainder when 2206520 is divided by 1103251?
18
What is the remainder when 233271 is divided by 94?
57
What is the remainder when 61958 is divided by 27?
20
Calculate the remainder when 39379 is divided by 9489.
1423
What is the remainder when 1058117 is divided by 2742?
2447
What is the remainder when 154310 is divided by 1187?
0
What is the remainder when 4235129 is divided by 1603?
3
What is the remainder when 3312335 is divided by 184012?
119
What is the remainder when 189216 is divided by 3432?
456
What is the remainder when 485122 is divided by 158586?
9364
What is the remainder when 4383797 is divided by 20?
17
What is the remainder when 892203 is divided by 663?
468
Calculate the remainder when 116276 is divided by 266.
34
Calculate the remainder when 56803201 is divided by 26.
13
What is the remainder when 45434 is divided by 5668?
90
What is the remainder when 3049557 is divided by 1548?
1545
What is the remainder when 151884661 is divided by 68?
65
What is the remainder when 229387 is divided by 4133?
2072
Calculate the remainder when 33179 is divided by 15827.
1525
Calculate the remainder when 59787649 is divided by 11957523.
34
Calculate the remainder when 1297345 is divided by 560.
385
What is the remainder when 921873 is divided by 740?
573
What is the remainder when 1359515 is divided by 453169?
8
What is the remainder when 688040 is divided by 1496?
1376
What is the remainder when 12188076 is divided by 35953?
9
What is the remainder when 3045298 is divided by 49?
46
Calculate the remainder when 1953160 is divided by 929.
402
What is the remainder when 221571 is divided by 11606?
1057
Calculate the remainder when 2403803 is divided by 160247.
98
What is the remainder when 17475836 is divided by 4368950?
36
What is the remainder when 6303407 is divided by 242419?
513
Calculate the remainder when 6285755 is divided by 4160.
4155
Calculate the remainder when 346797463 is divided by 155.
153
Calculate the remainder when 8543569 is divided by 10.
9
Calculate the remainder when 42625714 is divided by 9443.
12
What is the remainder when 46624477 is divided by 1565?
1562
Calculate the remainder when 348999 is divided by 111.
15
What is the remainder when 23858 is divided by 529?
53
Calculate the remainder when 16957 is divided by 534.
403
What is the remainder when 1097735 is divided by 90?
5
What is the remainder when 752266 is divided by 376098?
70
Calculate the remainder when 371267 is divided by 1937.
1300
What is the remainder when 868274 is divided by 2392?
2370
What is the remainder when 1512000 is divided by 870?
810
Calculate the remainder when 1725094 is divided by 345016.
14
What is the remainder when 295974503 is divided by 168?
167
What is the remainder when 8450156 is divided by 3945?
3911
Calculate the remainder when 4201849 is divided by 73715.
94
What is the remainder when 2051274 is divided by 17831?
709
Calculate the remainder when 3192051 is divided by 315.
156
What is the remainder when 20128059 is divided by 16?
11
Calculate the remainder when 925777 is divided by 2731.
2699
Calculate the remainder when 15470108 is divided by 30215.
28
What is the remainder when 352031 is divided by 1435?
456
What is the remainder when 44318 is divided by 631?
148
What is the remainder when 317146 is divided by 12684?
46
What is the remainder when 11722467 is divided by 538?
523
Calculate the remainder when 592743 is divided by 2076.
1083
What is the remainder when 23425287 is divided by 3346466?
25
What is the remainder when 7350 is divided by 2020?
1290
Calculate the remainder when 4087428 is divided by 29619.
6
What is the remainder when 408753 is divided by 25547?
1
Calculate the remainder when 31959 is divided by 29222.
2737
What is the remainder when 4962413 is divided by 2719?
238
Calculate the remainder when 90439864 is divided by 27.
16
Calculate the remainder when 87406 is divided by 2016.
718
What is the remainder when 2812264 is divided by 43265?
39
What is the remainder when 55233904 is divided by 1227420?
4
Calculate the remainder when 1523116 is divided by 761522.
72
Calculate the remainder when 236535 is divided by 1536.
1527
Calculate the remainder when 17961 is divided by 2448.
825
Calculate the remainder when 11195108 is divided by 294600.
308
What is the remainder when 212596739 is divided by 36?
35
Calculate the remainder when 490993 is divided by 6.
1
Calculate the remainder when 302414 is divided by 22726.
6976
Calculate the remainder when 1681806 is divided by 16.
14
What is the remainder when 325279 is divided by 102?
1
Calculate the remainder when 80831 is divided by 1209.
1037
What is the remainder when 1593995 is divided by 81?
77
What is the remainder when 355479 is divided by 176234?
3011
What is the remainder when 46049153 is divided by 503?
6
What is the remainder when 378869 is divided by 37553?
3339
What is the remainder when 374